{"id":496,"date":"2023-03-01T19:16:32","date_gmt":"2023-03-01T18:16:32","guid":{"rendered":"https:\/\/broclean.pl\/?page_id=496"},"modified":"2023-05-03T19:04:00","modified_gmt":"2023-05-03T17:04:00","slug":"montaz-wykladzin","status":"publish","type":"page","link":"https:\/\/broclean.pl\/index.php\/oferta\/montaz-wykladzin\/","title":{"rendered":"Monta\u017c wyk\u0142adzin"},"content":{"rendered":"\t\t<div data-elementor-type=\"wp-page\" data-elementor-id=\"496\" class=\"elementor elementor-496\">\n\t\t\t\t\t\t<section class=\"elementor-section elementor-top-section elementor-element elementor-element-74e560ff elementor-section-boxed elementor-section-height-default elementor-section-height-default\" data-id=\"74e560ff\" data-element_type=\"section\" data-e-type=\"section\">\n\t\t\t\t\t\t<div class=\"elementor-container elementor-column-gap-default\">\n\t\t\t\t\t<div class=\"elementor-column elementor-col-100 elementor-top-column elementor-element elementor-element-7378567a\" data-id=\"7378567a\" data-element_type=\"column\" data-e-type=\"column\">\n\t\t\t<div class=\"elementor-widget-wrap elementor-element-populated\">\n\t\t\t\t\t\t<div class=\"elementor-element elementor-element-3cb30af elementor-widget elementor-widget-heading\" data-id=\"3cb30af\" data-element_type=\"widget\" data-e-type=\"widget\" data-widget_type=\"heading.default\">\n\t\t\t\t<div class=\"elementor-widget-container\">\n\t\t\t\t\t<h2 class=\"elementor-heading-title elementor-size-default\">Monta\u017c wyk\u0142adzin<br><\/h2>\t\t\t\t<\/div>\n\t\t\t\t<\/div>\n\t\t\t\t<div class=\"elementor-element elementor-element-284d0b53 elementor-widget elementor-widget-text-editor\" data-id=\"284d0b53\" data-element_type=\"widget\" data-e-type=\"widget\" data-widget_type=\"text-editor.default\">\n\t\t\t\t<div class=\"elementor-widget-container\">\n\t\t\t\t\t\t\t\t\t<p><\/p>\n<p class=\"has-medium-font-size\">Jedn\u0105 z g\u0142\u00f3wnych us\u0142ug kt\u00f3re \u015bwiadczymy, jest monta\u017c wyk\u0142adzin. Zar\u00f3wno dywanowych jak i elastycznych. Montujemy zar\u00f3wno wyk\u0142adziny w rolkach jak i w panelach i kostkach.<\/p>\n<h4>Zapewniamy:<\/h4>\n<p><\/p>\n<p><\/p>\n<ol class=\"wp-block-list\">\n<li style=\"list-style-type: none;\">\n<ol><\/ol>\n<\/li>\n<\/ol>\n<ul>\n<li><strong>Pomiar i wycen\u0119<\/strong> &#8211; przed przyst\u0105pieniem do monta\u017cu dok\u0142adnie pomierzymy powierzchni\u0119, kt\u00f3ra ma by\u0107 pokryta wyk\u0142adzin\u0105, a nast\u0119pnie przygotujemy dla Pa\u0144stwa wycen\u0119, kt\u00f3ra b\u0119dzie adekwatna do skali prac.<\/li>\n<li><strong>Demonta\u017c<\/strong> &#8211; je\u015bli jest to potrzebne, demontujemy istniej\u0105c\u0105 wyk\u0142adzin\u0119 lub inny rodzaj pokrycia pod\u0142ogowego.<\/li>\n<li><strong>Przygotowanie pod\u0142o\u017ca<\/strong> &#8211; przed monta\u017cem nowej wyk\u0142adziny dok\u0142adnie przygotujemy pod\u0142o\u017ce poprzez jego oczyszczenie i wyr\u00f3wnanie, aby zapewni\u0107 r\u00f3wnomierne i trwa\u0142e przyklejenie.<\/li>\n<li><strong>Monta\u017c<\/strong> &#8211; now\u0105 wyk\u0142adzin\u0119 montujemy zgodnie z najwy\u017cszymi standardami, zapewniaj\u0105c dok\u0142adno\u015b\u0107 i precyzj\u0119. Nasze ekipy monta\u017cowe posiadaj\u0105 bogate do\u015bwiadczenie w pracy z r\u00f3\u017cnymi rodzajami wyk\u0142adzin, co gwarantuje, \u017ce praca zostanie wykonana szybko i dok\u0142adnie.<\/li>\n<li><strong>Czyszczenie<\/strong> &#8211; po zako\u0144czeniu monta\u017cu dok\u0142adnie wyczyszczymy now\u0105 wyk\u0142adzin\u0119 i przeprowadzimy ostateczne kontrole, aby upewni\u0107 si\u0119, \u017ce jest ona odpowiednio przyklejona i trwa\u0142a.<\/li>\n<\/ul>\n<ol>\n<li style=\"list-style-type: none;\">\u00a0<\/li>\n<\/ol>\n<p><\/p>\n<p><\/p>\n<p><\/p>\n<p class=\"has-medium-font-size\">Oferujemy konkurencyjne ceny i elastyczny czas realizacji prac, kt\u00f3ry b\u0119dzie dostosowany do Pa\u0144stwa potrzeb. Nasza firma ma na celu zapewnienie najwy\u017cszej jako\u015bci us\u0142ug i zadowolenia klient\u00f3w. Zapraszamy do kontaktu w celu uzyskania szczeg\u00f3\u0142owych informacji i um\u00f3wienia si\u0119 na bezp\u0142atn\u0105 wycen\u0119.<\/p>\n<p><\/p>\t\t\t\t\t\t\t\t<\/div>\n\t\t\t\t<\/div>\n\t\t\t\t\t<\/div>\n\t\t<\/div>\n\t\t\t\t\t<\/div>\n\t\t<\/section>\n\t\t\t\t<\/div>\n\t\t","protected":false},"excerpt":{"rendered":"<p>Monta\u017c wyk\u0142adzin Jedn\u0105 z g\u0142\u00f3wnych us\u0142ug kt\u00f3re \u015bwiadczymy, jest monta\u017c wyk\u0142adzin. Zar\u00f3wno dywanowych jak i elastycznych. Montujemy zar\u00f3wno wyk\u0142adziny w rolkach jak i w panelach i kostkach. Zapewniamy: Oferujemy konkurencyjne ceny i elastyczny czas realizacji prac, kt\u00f3ry b\u0119dzie dostosowany do Pa\u0144stwa potrzeb. Nasza firma ma na celu zapewnienie najwy\u017cszej jako\u015bci us\u0142ug i zadowolenia klient\u00f3w. Zapraszamy&hellip;<\/p>\n","protected":false},"author":2,"featured_media":0,"parent":475,"menu_order":0,"comment_status":"closed","ping_status":"closed","template":"","meta":{"footnotes":""},"class_list":["post-496","page","type-page","status-publish","hentry"],"_links":{"self":[{"href":"https:\/\/broclean.pl\/index.php\/wp-json\/wp\/v2\/pages\/496","targetHints":{"allow":["GET"]}}],"collection":[{"href":"https:\/\/broclean.pl\/index.php\/wp-json\/wp\/v2\/pages"}],"about":[{"href":"https:\/\/broclean.pl\/index.php\/wp-json\/wp\/v2\/types\/page"}],"author":[{"embeddable":true,"href":"https:\/\/broclean.pl\/index.php\/wp-json\/wp\/v2\/users\/2"}],"replies":[{"embeddable":true,"href":"https:\/\/broclean.pl\/index.php\/wp-json\/wp\/v2\/comments?post=496"}],"version-history":[{"count":18,"href":"https:\/\/broclean.pl\/index.php\/wp-json\/wp\/v2\/pages\/496\/revisions"}],"predecessor-version":[{"id":579,"href":"https:\/\/broclean.pl\/index.php\/wp-json\/wp\/v2\/pages\/496\/revisions\/579"}],"up":[{"embeddable":true,"href":"https:\/\/broclean.pl\/index.php\/wp-json\/wp\/v2\/pages\/475"}],"wp:attachment":[{"href":"https:\/\/broclean.pl\/index.php\/wp-json\/wp\/v2\/media?parent=496"}],"curies":[{"name":"wp","href":"https:\/\/api.w.org\/{rel}","templated":true}]}}